re the prime factors of 2127748?
2, 7, 75991
List the prime factors of 11040439.
41, 113, 2383
What are the prime factors of 275197?
13, 21169
List the prime factors of 103559.
29, 3571
What are the prime factors of 182352?
2, 3, 29, 131
What are the prime factors of 193746?
2, 3, 7, 659
List the prime factors of 46285.
5, 9257
What are the prime factors of 894545?
5, 178909
List the prime factors of 791193.
3, 13, 20287
List the prime factors of 16761977.
16761977
List the prime factors of 4102824.
2, 3, 11, 15541
What are the prime factors of 28397?
73, 389
What are the prime factors of 357591?
3, 13, 53, 173
List the prime factors of 149796.
2, 3, 19, 73
List the prime factors of 2438054.
2, 73, 16699
What are the prime factors of 157501?
239, 659
List the prime factors of 6564748.
2, 733, 2239
What are the prime factors of 7682809?
7682809
What are the prime factors of 89220?
2, 3, 5, 1487
What are the prime factors of 150409?
7, 21487
What are the prime factors of 2422301?
7, 346043
What are the prime factors of 361759?
43, 47, 179
What are the prime factors of 28011092?
2, 19, 67, 5501
List the prime factors of 873852.
2, 3, 7, 101, 103
What are the prime factors of 4047974?
2, 7, 289141
What are the prime factors of 5049368?
2, 631171
List the prime factors of 7421927.
31, 239417
What are the prime factors of 468038?
2, 31, 7549
What are the prime factors of 1239787?
317, 3911
What are the prime factors of 1607784?
2, 3, 31, 2161
List the prime factors of 2001903.
3, 17, 2309
What are the prime factors of 857855?
5, 171571
What are the prime factors of 170072?
2, 7, 3037
List the prime factors of 11449161.
3, 67, 6329
What are the prime factors of 289100?
2, 5, 7, 59
What are the prime factors of 239988?
2, 3, 7, 2857
List the prime factors of 854558.
2, 427279
List the prime factors of 12357159.
3, 4119053
What are the prime factors of 7129901?
211, 33791
List the prime factors of 37201.
37201
What are the prime factors of 88854?
2, 3, 59, 251
What are the prime factors of 3962914?
2, 1981457
List the prime factors of 10815236.
2, 2703809
What are the prime factors of 4712885?
5, 942577
List the prime factors of 23309.
11, 13, 163
List the prime factors of 1426484.
2, 356621
List the prime factors of 361220.
2, 5, 18061
List the prime factors of 214239.
3, 71413
List the prime factors of 145486.
2, 11, 17, 389
List the prime factors of 675656.
2, 84457
List the prime factors of 607608.
2, 3, 29, 97
What are the prime factors of 1900305?
3, 5, 11, 349
List the prime factors of 320085.
3, 5, 2371
List the prime factors of 11650909.
107, 108887
What are the prime factors of 193680?
2, 3, 5, 269
What are the prime factors of 18725960?
2, 5, 11, 53, 73
List the prime factors of 5125407.
3, 7, 107, 2281
What are the prime factors of 2084435?
5, 416887
List the prime factors of 13333784.
2, 43, 83, 467
List the prime factors of 12444.
2, 3, 17, 61
List the prime factors of 421747.
29, 14543
List the prime factors of 6727608.
2, 3, 41, 43, 53
What are the prime factors of 452161?
452161
What are the prime factors of 1403425?
5, 73, 769
What are the prime factors of 64672?
2, 43, 47
What are the prime factors of 277955?
5, 23, 2417
What are the prime factors of 396806?
2, 199, 997
List the prime factors of 1449576.
2, 3, 2237
List the prime factors of 8814741.
3, 13, 79, 2861
List the prime factors of 54579.
3, 7, 23, 113
What are the prime factors of 286609?
286609
List the prime factors of 22104951.
3, 11, 669847
What are the prime factors of 6277608?
2, 3, 29063
What are the prime factors of 820226?
2, 11, 23, 1621
What are the prime factors of 37567?
37567
List the prime factors of 1077608.
2, 7, 2749
List the prime factors of 2351970.
2, 3, 5, 31, 281
What are the prime factors of 239958?
2, 3, 13331
List the prime factors of 789055.
5, 17, 9283
What are the prime factors of 364177?
11, 33107
What are the prime factors of 3602899?
3602899
List the prime factors of 6097943.
6097943
What are the prime factors of 250605?
3, 5, 5569
List the prime factors of 1676238.
2, 3, 337, 829
List the prime factors of 462457.
311, 1487
What are the prime factors of 7313480?
2, 5, 19, 9623
List the prime factors of 9971.
13, 59
What are the prime factors of 3196428?
2, 3, 266369
List the prime factors of 124348.
2, 7, 4441
List the prime factors of 10120078.
2, 5060039
What are the prime factors of 33704414?
2, 16852207
List the prime factors of 8760805.
5, 19, 92219
List the prime factors of 375970.
2, 5, 7, 41, 131
What are the prime factors of 673854?
2, 3, 19, 23, 257
What are the prime factors of 223587?
3, 7, 13
List the prime factors of 228031.
37, 6163
What are the prime factors of 117849?
3, 163, 241
What are the prime factors of 2431433?
2431433
What are the prime factors of 3875515?
5, 7, 110729
What are the prime factors of 547123?
211, 2593
List the prime factors of 12613773.
3, 41, 102551
What are the prime factors of 231295?
5, 167, 277
What are the prime factors of 1649328?
2, 3, 34361
What are the prime factors of 637389?
3, 43, 61
List the prime factors of 12194787.
3, 11, 369539
List the prime factors of 9159849.
3, 31, 32831
List the prime factors of 10281796.
2, 7, 367207
List the prime factors of 174927.
3, 58309
List the prime factors of 2394598.
2, 683, 1753
List the prime factors of 9462743.
9462743
What are the prime factors of 192207?
3, 79, 811
What are the prime factors of 12684910?
2, 5, 7, 181213
List the prime factors of 789463.
17, 46439
List the prime factors of 422941.
577, 733
List the prime factors of 768914.
2, 41, 9377
What are the prime factors of 8465540?
2, 5, 423277
What are the prime factors of 615408?
2, 3, 12821
List the prime factors of 590501.
19, 31079
List the prime factors of 783846.
2, 3, 7, 6221
List the prime factors of 955743.
3, 318581
List the prime factors of 1337765.
5, 11, 13, 1871
What are the prime factors of 613966?
2, 19, 107, 151
List the prime factors of 492191.
7, 70313
What are the prime factors of 2053370?
2, 5, 11, 1697
List the prime factors of 495209.
11, 13, 3463
What are the prime factors of 505721?
283, 1787
List the prime factors of 192397.
421, 457
List the prime factors of 391213.
67, 5839
What are the prime factors of 793493?
793493
What are the prime factors of 393654?
2, 3, 65609
List the prime factors of 10772663.
11, 979333
What are the prime factors of 786387?
3, 7, 37447
List the prime factors of 292068.
2, 3, 7, 19, 61
List the prime factors of 292112.
2, 18257
List the prime factors of 530364.
2, 3, 193, 229
What are the prime factors of 6371078?
2, 7, 65011
What are the prime factors of 1345755?
3, 5, 73, 1229
List the prime factors of 21695542.
2, 11, 37, 2423
What are the prime factors of 14928?
2, 3, 311
What are the prime factors of 919114?
2, 7, 65651
List the prime factors of 28006010.
2, 5, 2800601
What are the prime factors of 430508?
2, 13, 17, 487
List the prime factors of 556763.
556763
List the prime factors of 29317.
19, 1543
What are the prime factors of 403097?
403097
List the prime factors of 73712.
2, 17, 271
List the prime factors of 637820.
2, 5, 31891
What are the prime factors of 204550?
2, 5, 4091
What are the prime factors of 515975?
5, 20639
What are the prime factors of 21584344?
2, 1091, 2473
What are the prime factors of 4025911?
4025911
What are the prime factors of 4693995?
3, 5, 104311
What are the prime factors of 1163933?
53, 21961
List the prime factors of 2251426.
2, 1125713
What are the prime factors of 11134961?
11134961
What are the prime factors of 211464?
2, 3, 11, 89
What are the prime factors of 9448?
2, 1181
List the prime factors of 269805.
3, 5, 17987
List the prime factors of 12634788.
2, 3, 1052899
List the prime factors of 6341401.
11, 29, 103, 193
What are the prime factors of 1850347?
1850347
What are the prime factors of 422960?
2, 5, 17, 311
What are the prime factors of 94400?
2, 5, 59
What are the prime factors of 2552492?
2, 638123
What are the prime factors of 133349?
133349
List the prime factors of 514250.
2, 5, 11, 17
What are the prime factors of 2381693?
2381693
What are the prime factors of 18123691?
853, 21247
What are the prime factors of 238229?
238229
List the prime factors of 1640798.
2, 820399
What